[INFO] cloning repository https://github.com/RusKom27/LangBot
[INFO] running `Command { std: "git" "-c" "credential.helper=" "-c" "credential.helper=/workspace/cargo-home/bin/git-credential-null" "clone" "--bare" "https://github.com/RusKom27/LangBot" "/workspace/cache/git-repos/https%3A%2F%2Fgithub.com%2FRusKom27%2FLangBot", kill_on_drop: false }`
[INFO] [stderr] Cloning into bare repository '/workspace/cache/git-repos/https%3A%2F%2Fgithub.com%2FRusKom27%2FLangBot'...
[INFO] running `Command { std: "git" "rev-parse" "HEAD", kill_on_drop: false }`
[INFO] [stdout] ac62bbdc9fc8ef84e71787c223cce42dd1b34f0b
[INFO] checking RusKom27/LangBot against master#e6e4f7ed1589e03bc2f6c5931c1a72e7947e8682 for beta-170-4
[INFO] running `Command { std: "git" "clone" "/workspace/cache/git-repos/https%3A%2F%2Fgithub.com%2FRusKom27%2FLangBot" "/workspace/builds/worker-5-tc2/source", kill_on_drop: false }`
[INFO] [stderr] Cloning into '/workspace/builds/worker-5-tc2/source'...
[INFO] [stderr] done.
[INFO] validating manifest of git repo https://github.com/RusKom27/LangBot on toolchain e6e4f7ed1589e03bc2f6c5931c1a72e7947e8682
[INFO] running `Command { std: CARGO_HOME="/workspace/cargo-home" RUSTUP_HOME="/workspace/rustup-home" "/workspace/cargo-home/bin/cargo" "+e6e4f7ed1589e03bc2f6c5931c1a72e7947e8682" "metadata" "--manifest-path" "Cargo.toml" "--no-deps", kill_on_drop: false }`
[INFO] started tweaking git repo https://github.com/RusKom27/LangBot
[INFO] finished tweaking git repo https://github.com/RusKom27/LangBot
[INFO] tweaked toml for git repo https://github.com/RusKom27/LangBot written to /workspace/builds/worker-5-tc2/source/Cargo.toml
[INFO] crate git repo https://github.com/RusKom27/LangBot already has a lockfile, it will not be regenerated
[INFO] running `Command { std: CARGO_HOME="/workspace/cargo-home" RUSTUP_HOME="/workspace/rustup-home" "/workspace/cargo-home/bin/cargo" "+e6e4f7ed1589e03bc2f6c5931c1a72e7947e8682" "fetch" "--manifest-path" "Cargo.toml", kill_on_drop: false }`
[INFO] [stderr]     Blocking waiting for file lock on package cache
[INFO] [stderr]     Blocking waiting for file lock on package cache
[INFO] running `Command { std: "docker" "create" "-v" "/var/lib/crater-agent-workspace/builds/worker-5-tc2/target:/opt/rustwide/target:rw,Z" "-v" "/var/lib/crater-agent-workspace/builds/worker-5-tc2/source:/opt/rustwide/workdir:ro,Z" "-v" "/var/lib/crater-agent-workspace/cargo-home:/opt/rustwide/cargo-home:ro,Z" "-v" "/var/lib/crater-agent-workspace/rustup-home:/opt/rustwide/rustup-home:ro,Z" "-e" "SOURCE_DIR=/opt/rustwide/workdir" "-e" "CARGO_TARGET_DIR=/opt/rustwide/target" "-e" "CARGO_HOME=/opt/rustwide/cargo-home" "-e" "RUSTUP_HOME=/opt/rustwide/rustup-home" "-w" "/opt/rustwide/workdir" "-m" "1610612736" "--user" "0:0" "--network" "none" "ghcr.io/rust-lang/crates-build-env/linux@sha256:5ff2268d62e97bff2cde7d5815dd6ed5b47097566f13b8d0ca110b04b60e07ed" "/opt/rustwide/cargo-home/bin/cargo" "+e6e4f7ed1589e03bc2f6c5931c1a72e7947e8682" "metadata" "--no-deps" "--format-version=1", kill_on_drop: false }`
[INFO] [stdout] 02f51c4cf160c99ee6adb53a97df80e26afc1725d5d63e43558a818b06ae6b5b
[INFO] running `Command { std: "docker" "start" "-a" "02f51c4cf160c99ee6adb53a97df80e26afc1725d5d63e43558a818b06ae6b5b", kill_on_drop: false }`
[INFO] running `Command { std: "docker" "inspect" "02f51c4cf160c99ee6adb53a97df80e26afc1725d5d63e43558a818b06ae6b5b", kill_on_drop: false }`
[INFO] running `Command { std: "docker" "rm" "-f" "02f51c4cf160c99ee6adb53a97df80e26afc1725d5d63e43558a818b06ae6b5b", kill_on_drop: false }`
[INFO] [stdout] 02f51c4cf160c99ee6adb53a97df80e26afc1725d5d63e43558a818b06ae6b5b
[INFO] running `Command { std: "docker" "create" "-v" "/var/lib/crater-agent-workspace/builds/worker-5-tc2/target:/opt/rustwide/target:rw,Z" "-v" "/var/lib/crater-agent-workspace/builds/worker-5-tc2/source:/opt/rustwide/workdir:ro,Z" "-v" "/var/lib/crater-agent-workspace/cargo-home:/opt/rustwide/cargo-home:ro,Z" "-v" "/var/lib/crater-agent-workspace/rustup-home:/opt/rustwide/rustup-home:ro,Z" "-e" "SOURCE_DIR=/opt/rustwide/workdir" "-e" "CARGO_TARGET_DIR=/opt/rustwide/target" "-e" "CARGO_INCREMENTAL=0" "-e" "RUST_BACKTRACE=full" "-e" "RUSTFLAGS=--cap-lints=forbid" "-e" "RUSTDOCFLAGS=--cap-lints=forbid" "-e" "CARGO_HOME=/opt/rustwide/cargo-home" "-e" "RUSTUP_HOME=/opt/rustwide/rustup-home" "-w" "/opt/rustwide/workdir" "-m" "1610612736" "--user" "0:0" "--network" "none" "ghcr.io/rust-lang/crates-build-env/linux@sha256:5ff2268d62e97bff2cde7d5815dd6ed5b47097566f13b8d0ca110b04b60e07ed" "/opt/rustwide/cargo-home/bin/cargo" "+e6e4f7ed1589e03bc2f6c5931c1a72e7947e8682" "check" "--frozen" "--all" "--all-targets" "--message-format=json", kill_on_drop: false }`
[INFO] [stdout] d8bb8e6addd8b79c02eda4f281273549ce2f45218ee6e0e00bd50fd56a0d375f
[INFO] running `Command { std: "docker" "start" "-a" "d8bb8e6addd8b79c02eda4f281273549ce2f45218ee6e0e00bd50fd56a0d375f", kill_on_drop: false }`
[INFO] [stderr]    Compiling syn v1.0.99
[INFO] [stderr]    Compiling libc v0.2.132
[INFO] [stderr]     Checking once_cell v1.14.0
[INFO] [stderr]     Checking pin-project-lite v0.2.9
[INFO] [stderr]    Compiling parking_lot_core v0.9.3
[INFO] [stderr]    Compiling futures-core v0.3.24
[INFO] [stderr]    Compiling lock_api v0.4.8
[INFO] [stderr]     Checking bytes v1.2.1
[INFO] [stderr]    Compiling tokio v1.21.0
[INFO] [stderr]    Compiling slab v0.4.7
[INFO] [stderr]    Compiling uncased v0.9.7
[INFO] [stderr]    Compiling serde_derive v1.0.144
[INFO] [stderr]     Checking itoa v1.0.3
[INFO] [stderr]    Compiling futures-task v0.3.24
[INFO] [stderr]    Compiling ring v0.16.20
[INFO] [stderr]    Compiling futures-util v0.3.24
[INFO] [stderr]    Compiling serde v1.0.144
[INFO] [stderr]    Compiling typenum v1.15.0
[INFO] [stderr]    Compiling generic-array v0.14.6
[INFO] [stderr]    Compiling ident_case v1.0.1
[INFO] [stderr]    Compiling strsim v0.10.0
[INFO] [stderr]     Checking futures-io v0.3.24
[INFO] [stderr]    Compiling openssl-sys v0.9.76
[INFO] [stderr]     Checking untrusted v0.7.1
[INFO] [stderr]     Checking spin v0.5.2
[INFO] [stderr]    Compiling futures-channel v0.3.24
[INFO] [stderr]     Checking unicode-normalization v0.1.21
[INFO] [stderr]     Checking tracing-core v0.1.29
[INFO] [stderr]     Checking unicode-bidi v0.3.8
[INFO] [stderr]    Compiling unicase v2.6.0
[INFO] [stderr]     Checking futures-sink v0.3.24
[INFO] [stderr]    Compiling siphasher v0.3.10
[INFO] [stderr]     Checking percent-encoding v2.2.0
[INFO] [stderr]     Checking http v0.2.8
[INFO] [stderr]    Compiling rustls v0.20.6
[INFO] [stderr]    Compiling rand_core v0.6.3
[INFO] [stderr]     Checking form_urlencoded v1.1.0
[INFO] [stderr]    Compiling phf_shared v0.11.1
[INFO] [stderr]    Compiling openssl v0.10.42
[INFO] [stderr]    Compiling httparse v1.8.0
[INFO] [stderr]    Compiling rand v0.8.5
[INFO] [stderr]    Compiling num-traits v0.2.15
[INFO] [stderr]    Compiling regex-syntax v0.6.27
[INFO] [stderr]     Checking tracing v0.1.36
[INFO] [stderr]    Compiling native-tls v0.2.10
[INFO] [stderr]     Checking ryu v1.0.11
[INFO] [stderr]    Compiling serde_json v1.0.85
[INFO] [stderr]    Compiling async-trait v0.1.57
[INFO] [stderr]     Checking want v0.3.0
[INFO] [stderr]    Compiling num-integer v0.1.45
[INFO] [stderr]     Checking idna v0.3.0
[INFO] [stderr]     Checking num_cpus v1.13.1
[INFO] [stderr]     Checking mio v0.8.4
[INFO] [stderr]     Checking signal-hook-registry v1.4.0
[INFO] [stderr]     Checking socket2 v0.4.7
[INFO] [stderr]     Checking getrandom v0.2.7
[INFO] [stderr]     Checking parking_lot v0.12.1
[INFO] [stderr]    Compiling phf_generator v0.11.1
[INFO] [stderr]     Checking ipnet v2.5.0
[INFO] [stderr]     Checking tower-service v0.3.2
[INFO] [stderr]    Compiling mime_guess v2.0.4
[INFO] [stderr]    Compiling phf_codegen v0.11.1
[INFO] [stderr]    Compiling phf v0.11.1
[INFO] [stderr]     Checking http-body v0.4.5
[INFO] [stderr]    Compiling ahash v0.7.6
[INFO] [stderr]    Compiling encoding_rs v0.8.31
[INFO] [stderr]     Checking match_cfg v0.1.0
[INFO] [stderr]     Checking rand_chacha v0.3.1
[INFO] [stderr]     Checking semver-parser v0.7.0
[INFO] [stderr]     Checking hostname v0.3.1
[INFO] [stderr]     Checking idna v0.2.3
[INFO] [stderr]    Compiling rustc_version_runtime v0.2.1
[INFO] [stderr]     Checking time v0.1.44
[INFO] [stderr]     Checking semver v0.9.0
[INFO] [stderr]    Compiling time-macros v0.2.4
[INFO] [stderr]     Checking cpufeatures v0.2.5
[INFO] [stderr]     Checking iana-time-zone v0.1.47
[INFO] [stderr]     Checking quick-error v1.2.3
[INFO] [stderr]     Checking num_threads v0.1.6
[INFO] [stderr]     Checking data-encoding v2.3.2
[INFO] [stderr]     Checking linked-hash-map v0.5.6
[INFO] [stderr]    Compiling regex v1.6.0
[INFO] [stderr]     Checking resolv-conf v0.7.0
[INFO] [stderr]     Checking lru-cache v0.1.2
[INFO] [stderr]     Checking url v2.3.1
[INFO] [stderr]     Checking rustc_version v0.2.3
[INFO] [stderr]     Checking rustls-pemfile v1.0.1
[INFO] [stderr]     Checking hex v0.4.3
[INFO] [stderr]     Checking block-buffer v0.10.3
[INFO] [stderr]     Checking crypto-common v0.1.6
[INFO] [stderr]     Checking uuid v0.8.2
[INFO] [stderr]     Checking stringprep v0.1.2
[INFO] [stderr]     Checking rustls-pemfile v0.3.0
[INFO] [stderr]     Checking chrono v0.4.22
[INFO] [stderr]     Checking os_info v3.5.0
[INFO] [stderr]     Checking digest v0.10.3
[INFO] [stderr]     Checking take_mut v0.2.2
[INFO] [stderr]     Checking pbkdf2 v0.10.1
[INFO] [stderr]     Checking hmac v0.12.1
[INFO] [stderr]     Checking sha2 v0.10.5
[INFO] [stderr]     Checking md-5 v0.10.4
[INFO] [stderr]     Checking sha-1 v0.10.0
[INFO] [stderr]    Compiling parse-zoneinfo v0.3.0
[INFO] [stderr]     Checking time v0.3.14
[INFO] [stderr]    Compiling chrono-tz-build v0.0.3
[INFO] [stderr]     Checking webpki v0.22.0
[INFO] [stderr]     Checking sct v0.7.0
[INFO] [stderr]     Checking webpki-roots v0.22.4
[INFO] [stderr]    Compiling chrono-tz v0.6.3
[INFO] [stderr]    Compiling darling_core v0.13.4
[INFO] [stderr]    Compiling darling_core v0.14.1
[INFO] [stderr]    Compiling tokio-macros v1.8.0
[INFO] [stderr]    Compiling futures-macro v0.3.24
[INFO] [stderr]    Compiling openssl-macros v0.1.0
[INFO] [stderr]    Compiling thiserror-impl v1.0.34
[INFO] [stderr]    Compiling enum-as-inner v0.4.0
[INFO] [stderr]    Compiling typed-builder v0.10.0
[INFO] [stderr]    Compiling derivative v2.2.0
[INFO] [stderr]    Compiling darling_macro v0.13.4
[INFO] [stderr]    Compiling darling_macro v0.14.1
[INFO] [stderr]     Checking thiserror v1.0.34
[INFO] [stderr]    Compiling darling v0.13.4
[INFO] [stderr]    Compiling serde_with_macros v1.5.2
[INFO] [stderr]    Compiling darling v0.14.1
[INFO] [stderr]    Compiling serde_with_macros v2.0.1
[INFO] [stderr]     Checking futures-executor v0.3.24
[INFO] [stderr]     Checking tokio-util v0.7.4
[INFO] [stderr]     Checking tokio-rustls v0.23.4
[INFO] [stderr]     Checking tokio-native-tls v0.3.0
[INFO] [stderr]     Checking trust-dns-proto v0.21.2
[INFO] [stderr]     Checking h2 v0.3.14
[INFO] [stderr]     Checking trust-dns-resolver v0.21.2
[INFO] [stderr]     Checking serde_urlencoded v0.7.1
[INFO] [stderr]     Checking uuid v1.1.2
[INFO] [stderr]     Checking serde_bytes v0.11.7
[INFO] [stderr]     Checking serde_with v1.14.0
[INFO] [stderr]     Checking serde_with v2.0.1
[INFO] [stderr]     Checking bson v2.4.0
[INFO] [stderr]     Checking hyper v0.14.20
[INFO] [stderr]     Checking mongodb v2.3.0
[INFO] [stderr]     Checking hyper-rustls v0.23.0
[INFO] [stderr]     Checking hyper-tls v0.5.0
[INFO] [stderr]     Checking reqwest v0.11.11
[INFO] [stderr]     Checking frankenstein v0.20.0
[INFO] [stderr]     Checking LangBot v0.1.0 (/opt/rustwide/workdir)
[INFO] [stdout] error[E0583]: file not found for module `env_vars`
[INFO] [stdout]  --> src/main.rs:2:1
[INFO] [stdout]   |
[INFO] [stdout] 2 | mod env_vars;
[INFO] [stdout]   | ^^^^^^^^^^^^^
[INFO] [stdout]   |
[INFO] [stdout]   = help: to create the module `env_vars`, create file "src/env_vars.rs" or "src/env_vars/mod.rs"
[INFO] [stdout] 
[INFO] [stdout] 
[INFO] [stdout] error[E0583]: file not found for module `env_vars`
[INFO] [stdout]  --> src/main.rs:2:1
[INFO] [stdout]   |
[INFO] [stdout] 2 | mod env_vars;
[INFO] [stdout]   | ^^^^^^^^^^^^^
[INFO] [stdout]   |
[INFO] [stdout]   = help: to create the module `env_vars`, create file "src/env_vars.rs" or "src/env_vars/mod.rs"
[INFO] [stdout] 
[INFO] [stdout] 
[INFO] [stdout] error[E0432]: unresolved import `crate::env_vars::set_vars`
[INFO] [stdout]  --> src/app.rs:6:5
[INFO] [stdout]   |
[INFO] [stdout] 6 | use crate::env_vars::set_vars;
[INFO] [stdout]   |     ^^^^^^^^^^^^^^^^^^^^^^^^^ no `set_vars` in `env_vars`
[INFO] [stdout] 
[INFO] [stdout] 
[INFO] [stdout] error[E0432]: unresolved import `crate::env_vars::set_vars`
[INFO] [stdout]  --> src/app.rs:6:5
[INFO] [stdout]   |
[INFO] [stdout] 6 | use crate::env_vars::set_vars;
[INFO] [stdout]   |     ^^^^^^^^^^^^^^^^^^^^^^^^^ no `set_vars` in `env_vars`
[INFO] [stdout] 
[INFO] [stdout] 
[INFO] [stdout] warning: unused import: `std::fmt::Error`
[INFO] [stdout]  --> src/db_handle/validation.rs:1:5
[INFO] [stdout]   |
[INFO] [stdout] 1 | use std::fmt::Error;
[INFO] [stdout]   |     ^^^^^^^^^^^^^^^
[INFO] [stdout]   |
[INFO] [stdout]   = note: `#[warn(unused_imports)]` on by default
[INFO] [stdout] 
[INFO] [stdout] 
[INFO] [stdout] warning: unused import: `Document`
[INFO] [stdout]  --> src/db_handle/validation.rs:2:26
[INFO] [stdout]   |
[INFO] [stdout] 2 | use mongodb::bson::{doc, Document};
[INFO] [stdout]   |                          ^^^^^^^^
[INFO] [stdout] 
[INFO] [stdout] 
[INFO] [stdout] warning: unused import: `Cursor`
[INFO] [stdout]  --> src/db_handle/validation.rs:3:27
[INFO] [stdout]   |
[INFO] [stdout] 3 | use mongodb::{Collection, Cursor, Database};
[INFO] [stdout]   |                           ^^^^^^
[INFO] [stdout] 
[INFO] [stdout] 
[INFO] [stdout] warning: unused import: `std::fmt::Error`
[INFO] [stdout]  --> src/db_handle/validation.rs:1:5
[INFO] [stdout]   |
[INFO] [stdout] 1 | use std::fmt::Error;
[INFO] [stdout]   |     ^^^^^^^^^^^^^^^
[INFO] [stdout]   |
[INFO] [stdout]   = note: `#[warn(unused_imports)]` on by default
[INFO] [stdout] 
[INFO] [stdout] 
[INFO] [stdout] warning: unused import: `Document`
[INFO] [stdout]  --> src/db_handle/validation.rs:2:26
[INFO] [stdout]   |
[INFO] [stdout] 2 | use mongodb::bson::{doc, Document};
[INFO] [stdout]   |                          ^^^^^^^^
[INFO] [stdout] 
[INFO] [stdout] 
[INFO] [stdout] warning: unused import: `Cursor`
[INFO] [stdout]  --> src/db_handle/validation.rs:3:27
[INFO] [stdout]   |
[INFO] [stdout] 3 | use mongodb::{Collection, Cursor, Database};
[INFO] [stdout]   |                           ^^^^^^
[INFO] [stdout] 
[INFO] [stdout] 
[INFO] [stdout] error: aborting due to 2 previous errors; 3 warnings emitted
[INFO] [stdout] 
[INFO] [stdout] 
[INFO] [stdout] Some errors have detailed explanations: E0432, E0583.
[INFO] [stdout] 
[INFO] [stdout] For more information about an error, try `rustc --explain E0432`.
[INFO] [stdout] 
[INFO] [stderr] error: could not compile `LangBot` (bin "LangBot" test) due to 3 previous errors; 3 warnings emitted
[INFO] [stderr] warning: build failed, waiting for other jobs to finish...
[INFO] [stdout] error: aborting due to 2 previous errors; 3 warnings emitted
[INFO] [stdout] 
[INFO] [stdout] 
[INFO] [stdout] Some errors have detailed explanations: E0432, E0583.
[INFO] [stdout] 
[INFO] [stdout] For more information about an error, try `rustc --explain E0432`.
[INFO] [stdout] 
[INFO] [stderr] error: could not compile `LangBot` (bin "LangBot") due to 3 previous errors; 3 warnings emitted
[INFO] running `Command { std: "docker" "inspect" "d8bb8e6addd8b79c02eda4f281273549ce2f45218ee6e0e00bd50fd56a0d375f", kill_on_drop: false }`
[INFO] running `Command { std: "docker" "rm" "-f" "d8bb8e6addd8b79c02eda4f281273549ce2f45218ee6e0e00bd50fd56a0d375f", kill_on_drop: false }`
[INFO] [stdout] d8bb8e6addd8b79c02eda4f281273549ce2f45218ee6e0e00bd50fd56a0d375f
